 16. What is the units digit of w?
5
Suppose 5*m + 5 = -0*m + r, -5*m - 3*r - 25 = 0. Let c be ((-48)/9)/(-4)*3. Let w = m + c. What is the units digit of w?
2
Let f = 65 - 41. Let n = 42 - f. Suppose c + n = 3*c. What is the units digit of c?
9
Suppose -3*k = -6*k + 15. Suppose -35 = -k*a + 45. What is the units digit of a?
6
Let h = 4 - 2. Let c = h - 1. What is the units digit of c?
1
Let f = -4 + 4. Suppose f = -0*u + 5*u. Let j = u - -8. What is the units digit of j?
8
Let d = 157 + -138. What is the tens digit of d?
1
Let j = 26 - 17. What is the units digit of j?
9
Let x(c) be the third derivative of -c**4/6 - c**3/6 + 3*c**2. Let n be x(-5). Suppose 4*y - 5*z - n - 2 = 0, 0 = -5*y + 4*z + 33. What is the units digit of y?
9
Let b = 33 - 54. Let q(z) = -5*z + 5. Let c be q(-5). Let s = b + c. What is the units digit of s?
9
Let w(v) = -v**2 + 9*v - 9. Let c be w(8). Let d(m) = -m**2 - 3*m - 1. Let q be d(c). What is the tens digit of q/(-2) + (-69)/(-6)?
1
What is the tens digit of 2*33*3/27*3?
2
Let y be 12/1 + (-11 - -8). Let f = 22 - y. What is the units digit of f?
3
Let d = -20 + 48. What is the units digit of d?
8
Let f(y) = 6*y + 4. Let q be f(5). Suppose 2*x = -0*x - q. Let k = x - -24. What is the units digit of k?
7
Suppose 3*i = 6*i - 4*n + 6, 5*i - 5*n = -15. What is the units digit of i/(-6) - 11/(-1)?
2
Suppose m - 10 = -5*r, 7*m - 2*m = 5*r + 80. What is the units digit of m?
5
Let f(a) = 2*a**2 - 2*a - 4. What is the tens digit of f(-4)?
3
Let i(m) = m**3 - 4*m + 4. Let w be i(3). Let z = w - 8. What is the tens digit of z?
1
Suppose 0 = 4*k + 4*w - 32, k - w = -0*w - 2. What is the tens digit of (4/(-8))/(k/(-108))?
1
Suppose 9*b - 4*h - 168 = 8*b, -2*b + 331 = -3*h. What is the units digit of b?
4
Suppose -3*k - 8 = -k. Let y(a) = a - 10. Let x be y(8). Let i = x - k. What is the units digit of i?
2
Let r(i) = 2*i**2 + 5*i + 4. Let c = -2 - 0. Let n be (4 + c)*(-3)/2. What is the units digit of r(n)?
7
Suppose -51 = -4*l - 5*j - 15, -4*l + 4*j = 0. Suppose 5 = -m, 0 = -l*s + 3*s - 5*m - 25. Suppose 3*f = 12 - s. What is the units digit of f?
4
Let v(y) = -y**3 - 5*y**2 + 8*y + 6. Let n be v(-6). Suppose -4*f + 0 = 4. What is the units digit of (15/n*2)/f?
5
What is the tens digit of (0 - (2 + 1) - -7) + 44?
4
Let v(q) = -27*q - 5. What is the tens digit of v(-2)?
4
Let j = 2 - 7. Let g = 8 + j. What is the units digit of g?
3
Suppose x = 2*s + 2*s - 19, 4*s = -3*x + 7. Suppose 3*l - s = l. What is the units digit of 0 + l*(-1 + 2)?
2
Let j(d) = -3*d + 2. Suppose w - 2*v + 26 = -6*v, 22 = -2*w - 2*v. Let p be j(w). Suppose 3*l + l = p. What is the units digit of l?
5
Let b be 12*(6/(-4))/(-3). Suppose 3*u + 36 = b*u. Suppose 0*z + u = z. What is the units digit of z?
2
Suppose -4 = -5*i + 3*y, 5 = 5*i + 4*y - 13. Suppose 3*g + 3 = -i*z, -3*z + 3*g + 2*g = 14. What is the units digit of -1 - -1 - -1 - z?
4
Let p be (-1)/(1/1)*-5. Suppose y - p = -4. What is the units digit of y?
1
Let k(f) = f - 30. Let h(j) = 1. Let u(m) = -6*h(m) - k(m). What is the units digit of u(0)?
4
Let k(j) = -j - 11. Let r be k(-8). Let d(b) = 2*b + 9. Let l(n) = -n - 4. Let f(o) = 2*d(o) + 5*l(o). What is the units digit of f(r)?
1
Suppose 4*v - v = -c + 10, 66 = 5*c - v. What is the tens digit of c?
1
Let z(s) = 5*s - 18. What is the tens digit of z(8)?
2
Let y(v) = v**2 - 3*v + 3. Suppose t + 3 = 8. What is the units digit of y(t)?
3
Let s = -2 - 6. Let g(n) = n**2 + 5*n + 1. What is the units digit of g(s)?
5
Let o(i) = -i**2 - 4*i + 7. Let u be o(-6). Let f = u + 9. Suppose 0*z = f*z - 28. What is the units digit of z?
7
Let j be (-6)/(-12)*10/1. Let o = j + -29. Let h = 38 + o. What is the tens digit of h?
1
Let z = -13 + 21. Suppose z*r - 88 = 4*r. What is the tens digit of r?
2
Suppose 0*d - 3*d - 63 = 0. Let z be (5 + d)/(-1*2). Suppose -z = -2*h + 20. What is the tens digit of h?
1
Suppose 0 = 7*s - 4*s. Let o(x) = 1 - 42*x + 45*x + s. What is the tens digit of o(4)?
1
Let j(v) = -2*v - 7*v + 2 - 5 - 1. Let b(n) = 35*n + 15. Let k(p) = 4*b(p) + 15*j(p). What is the tens digit of k(2)?
1
Let w = 113 - 36. What is the units digit of w?
7
Let i = -21 - -15. Let j(w) = w**3 + 6*w**2 + 4. What is the units digit of j(i)?
4
Suppose -5 = 2*c - 3*c. Let f = 7 - c. Let t = 0 + f. What is the units digit of t?
2
Let n(m) = m**2 + 15*m - 15. Suppose -64 = 5*q - q. What is the units digit of n(q)?
1
Let h(n) = 2 - 2 - n. Let i be h(-6). Let o = i + -4. What is the units digit of o?
2
What is the units digit of 20/(-4)*(-3 - 7)?
0
Suppose 6 = 5*q - d, 3*q - 2*d = -4*d + 1. What is the units digit of -2*q + 2 + 10?
0
Let d = -40 + 60. What is the units digit of d?
0
Suppose 2*n + 2*n = -3*z - 80, 2*n - 90 = 5*z. What is the tens digit of 3/(-4) - 695/z?
3
Suppose k = 5*k. Suppose k = 2*v - v - 29. What is the tens digit of v?
2
Let b(r) = r**2 - 6*r + 2. Let h be (-18)/12*4/(-1). Let m be b(h). Suppose -4*t = -2*o - 58, 0*o = -m*o - 6. What is the units digit of t?
3
Let p(v) = -v**3 - 7*v**2 - 6*v + 4. Let w be p(-5). Let y = w - -26. Suppose 0 = 5*c + 20, -m - m - y = 4*c. What is the units digit of m?
3
Let x be 4 + -4 + 0 + 0. Suppose x = -c + 2, s = -3*c + 24. What is the tens digit of s?
1
Let v = -38 - -70. What is the units digit of v?
2
Let a(d) = d**2 - 7*d - 10. What is the units digit of a(12)?
0
Let l(x) = x - 1. Suppose 0*i + 20 = 2*i. What is the units digit of l(i)?
9
Let s = -3 + 5. Suppose -2*c + 4 + 4 = 0. Suppose 0*r + 3*o + 11 = 4*r, -s*o - c = -2*r. What is the units digit of r?
5
Let u(r) = 6*r + 2. What is the tens digit of u(5)?
3
Let u = -31 + 24. Let m(y) = -y**3 - 6*y**2 + 4*y - 15. What is the units digit of m(u)?
6
Let g(b) = -b**3 + 11*b**2 + 15*b - 5. What is the tens digit of g(12)?
3
Suppose 10 = 7*f - 2*f. Suppose 0 = f*h + 9 - 77. Suppose 0*c + 2*c + 3*a - h = 0, -a + 15 = c. What is the units digit of c?
1
Suppose -3*j = 2*c - 551, 10*j = 8*j + 5*c + 380. What is the tens digit of j?
8
Suppose 3*g = -3*g + 168. What is the units digit of g?
8
Suppose -419 - 50 = -5*z - 4*m, 3*z = 4*m + 307. What is the tens digit of z?
9
Suppose 3*j + u - 9 = 4*u, 7 = 2*j - u. Suppose 5*z + 4 = -j*x, 0 = 2*z - 3*z - 4. What is the units digit of x?
4
Suppose 0 = -3*g - 2*g + 10. Suppose k - g = -k. What is the units digit of k?
1
Let w = 47 + -21. What is the tens digit of w?
2
Let b be (-6)/1 + (4 - 4). Let m = b + 2. Let t = 1 - m. What is the units digit of t?
5
Let h(x) = 6*x - 29. Let b(f) = -4*f + 19. Let u = 10 + -18. Let p(j) = u*b(j) - 5*h(j). What is the units digit of p(5)?
3
Let b(q) = 2 + 4*q - 4 - q + 0. What is the tens digit of b(5)?
1
What is the hundreds digit of 24/((4 - (-196)/(-52))/2)?
2
Suppose -4*i = -6*i + 28. What is the tens digit of i?
1
Suppose -3*u = 34 + 2. What is the units digit of (272/u)/(2/(-3))?
4
What is the tens digit of 1*-143*(-24)/24?
4
Suppose 0 = -4*d - n - 14, 2*n + 20 = -5*d + 4. Let o(v) = v**2 + 3*v + 2. Let p be o(d). Suppose -l + 1 + p = 0. What is the units digit of l?
7
Suppose 37 + 2 = 3*m. Suppose 38 = 4*z + 2*k, 30 = 4*z + 3*k - m. What is the units digit of z?
7
Let r(a) = 11*a - 34. What is the tens digit of r(10)?
7
Suppose 80 = 4*g - 4*x, 0 = -3*g - 2*g - 5*x + 90. What is the tens digit of g?
1
Let f(w) = w - 4. Let b be f(4). Suppose -2*a - 3*a + 40 = b. What is the units digit of a?
8
Let h(r) = 4 + 3*r - 4*r**2 - r**2 + 3*r**2 + r**3. What is the units digit of h(3)?
2
Let q(p) = -2*p - 5. What is the units digit of q(-6)?
7
Let k(d) = d + 12. What is the tens digit of k(0)?
1
Let y(h) be the first derivative of -h**3/3 - 15*h + 2. Let u be y(0). Let b = -3 - u. What is the units digit of b?
2
Suppose 4*p = -2*v + 50, 3*v = -2*v - 3*p + 125. What is the tens digit of v?
2
Let p(w) = -40*w + 1. What is the units digit of p(-1)?
1
Suppose -3*x = -3*a - 54, 0*x + 4*a + 88 = 5*x. What is the tens digit of x?
1
Suppose 11*p = 8*p + 168. What is the tens digit of p?
5
Suppose q + 2*q = 0. Let m = 0 - q. What is the units digit of (3/(-3) - m)*-2?
2
What is the units digit of (-1)/(-10) - 6228/(-120)?
2
Let j be 654/18 - (-4)/6. Suppose -z = q - 4 - 8, 4*q = -3*z + j. What is the tens digit of z?
1
Let t be (20/(-8) - 0)*-2. What is the units digit of (3 - 8)*(-18)/t?
